ime factors of z?
7
Suppose 4*t - 34 = -0*c - 5*c, 2*t - 10 = c. Suppose 6*g - t = 4*g. Suppose 4*w + 2*p = 82, 2*w - g*p - 34 = 11. What are the prime factors of w?
3, 7
Suppose 6*d - 20 = 4*d. What are the prime factors of d?
2, 5
Suppose -13 - 1 = -5*u + l, 4*l + 10 = -3*u. Suppose 0 = 4*v + 5*m + 13, 3*v - u*v - 13 = 2*m. Suppose -r + 7 = -v. List the prime factors of r.
2, 5
Let d(j) = -3*j + 9. Let w be d(7). What are the prime factors of 30*(w/(-9))/2?
2, 5
Let d(m) = -5*m**2 - m**2 + 7*m + 5*m**2 - 6 + 5*m. Let y be d(11). Let o = 10 + y. What are the prime factors of o?
3, 5
Let q(f) = 16*f**2 + 2*f - 6. List the prime factors of q(2).
2, 31
Let y(t) = -t**3 + 12*t**2 + 2*t - 3. What are the prime factors of y(11)?
2, 5, 7
Let k(b) = -b**3 + 5*b**2 - 3*b + 3. Suppose 0 = -3*g + 8*g - 20. List the prime factors of k(g).
7
Let q(l) = l + 1. List the prime factors of q(8).
3
Suppose -r + 280 + 70 = 0. List the prime factors of r.
2, 5, 7
Let x = 155 - 84. List the prime factors of x.
71
Suppose c + 5*b - 63 = 0, 3 + 0 = -3*b. List the prime factors of c.
2, 17
List the prime factors of ((-132)/(-3) - (0 - 0)) + 1.
3, 5
Suppose -2*q + 9 + 11 = 0. Let d be -2 + 4 - (-2 + -1). Let i = q - d. What are the prime factors of i?
5
List the prime factors of (94/(-3))/((-4)/(-3 - -15)).
2, 47
Suppose -20 = -2*g - 2*g. Let y = -7 + g. What are the prime factors of (-305)/(-25) - y/(-10)?
2, 3
Let n = 3 + 18. What are the prime factors of n?
3, 7
Let k = 11 + -11. Suppose 5*g + h = 95, -3*g + 32 + 8 = 4*h. Suppose k = -z - j + 6, 5*z - j + g - 80 = 0. List the prime factors of z.
11
Suppose -116 - 6 = -5*d + 2*v, -2*v + 34 = d. What are the prime factors of d?
2, 13
Suppose 4*j - 37 - 164 = -r, 0 = -5*j - 10. What are the prime factors of r?
11, 19
Suppose 5 = -3*z + 11. Suppose z*a + 5 = -5*r + 35, 4 = 4*a - 4*r. What are the prime factors of a?
5
Let f(w) = 2*w**2 + 9*w - 8. Let s(u) = -u**2 - 5*u + 4. Let i(z) = 6*f(z) + 13*s(z). List the prime factors of i(-10).
2, 7
Let s = 19 + -3. List the prime factors of s.
2
Let c be 0 - (-2 + 1/1). Let o = 1 + c. What are the prime factors of o/3*(4 + -1)?
2
Suppose 0 = -4*v + 6 + 22. What are the prime factors of 172/14 - 2/v?
2, 3
Let u(l) = 4*l**2 + 8*l + 1. Let c(t) = -t**2 - 2*t. Let i(o) = -9*c(o) - 2*u(o). List the prime factors of i(2).
2, 3
List the prime factors of 869/5 + 4*4/80.
2, 3, 29
Suppose -5*o + 2*u = -141, -u - 36 = -o + 2*u. What are the prime factors of o?
3
Let x = -27 - -29. Suppose -x*r + 5 = -r, -a - r = -49. List the prime factors of a.
2, 11
Let h(i) = i**2 + 8*i - 1. Let r = -3 - 5. Let p be h(r). Let f(j) = -16*j**3 + j**2 + 2*j + 1. List the prime factors of f(p).
2
Let z(r) = -r**2 - 5*r - 3. Let t be z(-5). List the prime factors of ((-2)/(-3))/(t/(-9)).
2
List the prime factors of (-130)/(-3)*(-120)/(-50).
2, 13
Let v = -11 + 13. Let w(b) = 2*b**3 + 4*b - 3. List the prime factors of w(v).
3, 7
Let j(s) = -s**2 - 11*s - 6. Let f be (-18)/9*(-14)/(-4). List the prime factors of j(f).
2, 11
Let j be 3 + -3 + 0 + 2. Suppose -4*q - j*y + 49 = -q, -2*q - 5*y = -29. List the prime factors of q.
17
Suppose 0 = -3*p + r + 10, -2*r - 2*r = -2*p. Suppose -3*l = -l + 8, -24 = -p*g - 4*l. What are the prime factors of g/(-4)*24/(-20)?
3
Let d(k) = -2*k + 5. Let m be d(4). Let q(p) = 1 + 1 - p**2 - 3 - 5*p. What are the prime factors of q(m)?
5
Suppose -2*q - 6 = 2*t, q = -q + 3*t - 26. Let o = q - -13. What are the prime factors of o?
2, 3
What are the prime factors of 2/8 - (-12327)/84?
3, 7
Suppose 0 = -w - w. Suppose 4*n - 20 - 8 = w. List the prime factors of n.
7
Let h = 0 - 0. Suppose h = -g + 4 + 7. List the prime factors of g.
11
Let k(t) = -6*t**3 - 1. Let x be k(-1). Suppose -5*g - 2*r + 70 = -0*r, x*g - 3*r - 45 = 0. List the prime factors of g.
2, 3
Let h = -3 - -1. What are the prime factors of (5/h)/(2/(-4))?
5
Let r(y) = -y**3 - y**2 + y + 15. Suppose o = 3*h + 2*h, 0 = 3*o. List the prime factors of r(h).
3, 5
Let r = 30 - 2. What are the prime factors of r?
2, 7
List the prime factors of -2 - (3 - (1 - -40)).
2, 3
Let c(x) = 4*x + 4. Let d = -24 + 3. Let g(s) = s + 1. Let h(r) = d*g(r) + 6*c(r). List the prime factors of h(3).
2, 3
Suppose 2*x = 4*s + 17 + 3, -x = -5*s - 16. Let b = -2 + x. What are the prime factors of b?
2
Let o(r) = -2*r - 10*r**2 - r**3 - r**2 + 4*r**2 - 3 + r**2. Suppose 2*b - b = -2*u - 6, -18 = 3*b + 5*u. What are the prime factors of o(b)?
3
Suppose -s = -4*c + 154, 0 = 2*s + s - 6. List the prime factors of c.
3, 13
Suppose 0 = -m + 4*m - 2*n - 106, -5*n = -4*m + 146. What are the prime factors of m?
2, 17
Let t = -68 + 206. What are the prime factors of t?
2, 3, 23
Suppose 5*u + 5*t - 50 = 0, 0 = -3*u + 2*u + 4*t + 25. Suppose u*o = 17*o - 40. List the prime factors of o.
2, 5
Let u = -6 + 10. Suppose -9*x + 65 = -u*x. What are the prime factors of x?
13
Let f = -144 + 281. What are the prime factors of f?
137
Suppose 5*o - 2*o + 45 = -3*w, 25 = -5*w + 5*o. Let l(b) = -b**2 - 11*b + 1. What are the prime factors of l(w)?
11
Let n be (-5)/(-2) + 1/2. Suppose q - 24 = -n*k + k, -k = -5*q + 98. List the prime factors of q.
2, 5
Let j(x) = -7*x + 1 + 6*x + 15. List the prime factors of j(0).
2
Suppose -3*t + 4*t = 40. What are the prime factors of t?
2, 5
Let x = -207 - -103. What are the prime factors of (-6)/15 + x/(-10)?
2, 5
Let n(h) = -h**3 - h**2 + 3*h - 3. Let g be n(-3). Let p = g + 3. List the prime factors of p.
3
Let k be (2/6)/((-3)/(-18)). Suppose 5*n + 2 = -3*c - 4, -k*n + 9 = 5*c. Suppose 5 = c*i - 13. What are the prime factors of i?
2, 3
Let a(f) = f**3 + 18*f**2 + 12*f - 30. What are the prime factors of a(-17)?
5, 11
Let i be 4/18 - 86/(-18). Suppose i*d + 0*r = r + 29, -d + 1 = -5*r. What are the prime factors of d?
2, 3
Let m(v) = 32*v - 1. Let a be m(-3). Let j = -56 - a. Suppose 0 = r - f - 15, -4*r - 2*f + 37 = -j. What are the prime factors of r?
2, 3
Suppose -l = -k + 3, -2*l + l - 18 = -4*k. Suppose -z = -k*z + 64. What are the prime factors of z?
2
Let q be 1*(-1)/2*-2. Suppose -4*a + 41 = q. What are the prime factors of a?
2, 5
Suppose 7*i - 24 = 3*i. What are the prime factors of i?
2, 3
Let d(k) = -k**2 + k + 2. Let n be d(3). Let g be 2/4 - (-2)/n. Suppose -l - 7 = -2*s - 4*l, g = -5*l + 5. List the prime factors of s.
2
Let l = 306 + -141. What are the prime factors of l?
3, 5, 11
Let x = 0 + 1. Suppose s - 6 = o, -2*s + 2*o = 3*o + 3. What are the prime factors of (-11)/((-1)/s*x)?
11
Suppose -3*d + d - 5*m - 35 = 0, 0 = -4*d + m - 59. What are the prime factors of (d/10)/((-3)/54)?
3
Let b(o) = -15*o - 10. What are the prime factors of b(-6)?
2, 5
Suppose -n = -3*c + n + 9, 0 = -2*c - 4*n + 6. List the prime factors of (18/(-2))/(c/(-9)).
3
List the prime factors of ((-6)/(-5))/(18/360).
2, 3
Suppose 0 = 3*u, -3*m - 2*u = -u + 102. Let y = m - -61. List the prime factors of y.
3
Let m(d) = d - 8. Let n be m(-6). Let l = 1 - 1. Let g = l - n. What are the prime factors of g?
2, 7
Let p be -1 + ((-164)/2)/(-2). Let j be (5/2)/(1/2). Suppose i - j*i = -p. List the prime factors of i.
2, 5
What are the prime factors of (-6)/45 + (-642)/(-90)?
7
Suppose -3*h + 4*c + 14 = 0, -h - 3*h - 2*c + 4 = 0. Let g be (-40)/(-6) + h/6. List the prime factors of 4/(-8) + g/2.
3
Let i = 490 - 279. What are the prime factors of i?
211
Let t(z) = z**2 + 2*z + 11. What are the prime factors of t(-4)?
19
Let s(t) = -t**3 - 7*t**2 + 8*t - 11. Suppose q - 3*l = -23, 5*l + 15 = 3*q - 8*q. Let z be s(q). Let m = -6 - z. List the prime factors of m.
5
Suppose 1 = -2*t + t. What are the prime factors of t + 68/2 + 3?
2, 3
Let p be (-258)/(-12)*2/(-1). Let q = 62 + p. List the prime factors of q.
19
What are the prime factors of 0 - -26 - (-2 - -1)?
3
Suppose o - 28 - 108 = -v, -4*v + o = -569. List the prime factors of v.
3, 47
Let q(k) = -k + 11. Let z(u) = 6*u**2 + u. Let h be z(1). What are the prime factors of q(h)?
2
Let c(f) = -2*f + 2. Let n be c(-2). Suppose l = -2*l + n. What are the prime factors of l?
2
Let q(y) = y**2 - 12*y + 13. Let o be q(11). Suppose o*s = n - 1 - 7, n = 4*s + 12. Let p(u) = 2*u - 5. List the prime factors of p(n).
3
Let h be 2/9 + (-97)/(-9). Let g(p) = -p**3 + 11*p**2 + p + 6. What are the prime fa